*m - 62, 0 = 4*m - 8. List the prime factors of n.
2, 7
Suppose 0 = 5*t - 787 - 258. Suppose 2*n = t - 57. What are the prime factors of n?
2, 19
Let u = -190 - -725. List the prime factors of u.
5, 107
Let f = -30 + 136. Suppose -7*q = 22 - f. What are the prime factors of q?
2, 3
What are the prime factors of 481 + 2 + 2 - (-4 + 0)?
3, 163
Let g(j) = j**3 + 2*j**2 - 4*j + 3. Let w be g(2). Let o(k) = 13*k**3 - 4*k**2 - 13*k - 12. Let z be o(-1). Let d = w - z. What are the prime factors of d?
3
Let b(y) = y + 7. Let r be b(-7). Let t(c) = -40*c. Let i be t(-3). List the prime factors of i/5 + r/3.
2, 3
Suppose p + 10 - 25 = -5*k, 3*p - 13 = k. Let o(m) be the third derivative of -m**5/60 + 5*m**4/24 - m**3/2 + m**2. List the prime factors of o(k).
3
Let m(p) = -p**2 + 16*p + 4. Let r be m(16). List the prime factors of (r/5)/((-12)/(-1470)) + -1.
97
Suppose -g + 3*w = -625, -2*g - 3*g = 4*w - 3163. List the prime factors of g.
631
Let p(y) = -3549*y**3 + y**2 - 6*y - 4. What are the prime factors of p(-1)?
2, 3, 37
Let x(v) be the third derivative of 27*v**6/40 - v**5/60 + v**4/24 - v**3/6 - 2*v**2. What are the prime factors of x(1)?
2, 5
Let x = -88 - -128. List the prime factors of (x/(-3))/(10/(-90)).
2, 3, 5
Let d(u) = -u + 4. Let c be d(1). Suppose 2*r - r - 2 = a, 4*r + c*a = 8. Suppose i = -0*p + r*p + 28, 0 = -5*p - 20. List the prime factors of i.
2, 5
Let f(x) = x**2 + 2. Let c be f(6). Let m = c - -7. Let r = m - 16. List the prime factors of r.
29
Let b(n) be the third derivative of -5*n**4/24 - 7*n**3/6 + 6*n**2. Let c(l) = 5*l + 3. Let m be c(-2). List the prime factors of b(m).
2, 7
Suppose k + k = -b + 237, -k = 4*b - 136. Suppose -4*f - d = -k, -5*d + 44 = 2*f + 4. What are the prime factors of f?
2, 3, 5
Let d be (224/(-6))/(3 - 30/9). Suppose -l - d = -5*l. What are the prime factors of l?
2, 7
Let x = 703 - 415. Suppose 0*t = -o + 2*t + 54, -x = -5*o + t. What are the prime factors of o?
2, 29
Let r(t) = t**3 + 11*t**2 + 12*t + 2. Let y be r(-10). What are the prime factors of (y/12)/((-1)/20)?
2, 3, 5
Suppose -3*j = g + 25, 11 + 11 = -2*j + 2*g. Let v be (-6)/9 + (-258)/j. Suppose -x - 31 = -o - 4*x, v = o + 2*x. List the prime factors of o.
2, 11
Let h(x) = -x**2 - 8*x - 5. Let c be h(-7). Let z be 3 - 0*1/c. Suppose z*j = 33 + 3. What are the prime factors of j?
2, 3
Let z(g) = g**3 - 12*g**2 - 13*g - 7. Let y be z(13). List the prime factors of -6 - y - -43*2.
3, 29
Suppose 0 = -l + 1 - 0, 4*g + 5*l = 173. Let x = g + -23. Suppose -12*t = -11*t - x. What are the prime factors of t?
19
Let l = -21 + 91. List the prime factors of l - (-2 + 1)/1.
71
Suppose 0*u + u - 546 = -3*j, u = 5*j + 522. What are the prime factors of u?
3, 179
Suppose 2*w = 4*w + 10. What are the prime factors of (191 - 0)*(-1 - w - 3)?
191
Let o(p) = 34*p - 480. List the prime factors of o(38).
2, 7, 29
Let m(n) = 2*n**2 + 9*n - 10. Let f be (1/(-1))/(5/(-95)). Let d = f + -27. List the prime factors of m(d).
2, 23
Let o = -78 - -253. List the prime factors of o.
5, 7
Let d be 1*(5 - 11/1). What are the prime factors of 87 + 1 + d + 13 + -4?
7, 13
List the prime factors of 4/30 + (-81672)/(-360).
227
Suppose h - 11 + 5 = 3*n, -3*n = -5*h + 6. Suppose -r + 4*r = -q + 100, -2*r + 5*q + 44 = h. List the prime factors of r.
2
Let i = -51 + 98. Suppose -5*x = -5*p + 115, -4*p = -0*x - x - 23. Let s = i + x. What are the prime factors of s?
2, 3
Let x = 226 + -121. Let s = x - 49. List the prime factors of s.
2, 7
Suppose 4*a + u - 142 = -u, -200 = -5*a + 2*u. Let k = a - -1. What are the prime factors of k?
3, 13
Let k(n) = -2*n + 2. Let h be k(-1). Suppose h*y - 3 + 48 = 3*g, 3*g - 39 = 2*y. Suppose -g*o = -16*o + 250. What are the prime factors of o?
2, 5
Let o(b) = b**3 - 11*b**2 + 10*b. Let c be o(10). What are the prime factors of 0 - (60 + c)/((-2)/4)?
2, 3, 5
Suppose -7*v + 3*v + 6698 = 5*f, 2*v - 6694 = -5*f. What are the prime factors of f?
2, 3, 223
Let d(f) = f**3 - 4*f**2 + 3*f + 12. Let x be -1 + -1 + -1 + -5 + 14. What are the prime factors of d(x)?
2, 3, 17
Suppose 9*t - 3*t = 168. Let r = t + 38. List the prime factors of r.
2, 3, 11
Let o(l) = -2*l**2 - 4*l - 5. Let h be o(-5). Let r be (74 + -3)/1 - -1. Let m = h + r. What are the prime factors of m?
37
Suppose -g = -6 + 2. Suppose 108*x - 25 = 103*x. Suppose x*y - 315 = 5*u, 8*u - 3*u = -g*y + 279. List the prime factors of y.
2, 3, 11
Let c = -33 - -47. Suppose 13*w + 16 = c*w. What are the prime factors of w?
2
Let w = -285 + 183. Let b = -71 - w. Suppose -87 = -2*g - b. What are the prime factors of g?
2, 7
Let q be (-2)/4 + (-675)/(-18). Let i = q - -10. Suppose 5*c = i + 28. List the prime factors of c.
3, 5
Suppose 0 = -3*k + 1 + 17. Suppose -4*g + k*g = 184. What are the prime factors of g?
2, 23
Let h(d) be the second derivative of -5*d**3/3 + 7*d**2 - 6*d. What are the prime factors of h(-5)?
2
Let s(o) = 89*o + 240. What are the prime factors of s(5)?
5, 137
Let k = -149 - -95. Suppose -35 - 191 = -2*n. Let o = k + n. List the prime factors of o.
59
Suppose 3*q + 0*q = 66. Suppose 0*w - 5*u = w - 10, -w + u = -q. Suppose 2*y = 4*h - 74, -y + w = 2*h - 11. List the prime factors of h.
17
Let l = 2 + -3. Let a be l/(-5) + 9/5. Suppose 0 = -2*s + 18 + a. What are the prime factors of s?
2, 5
Suppose -4*s + 10 = c - 3*s, -4*c - 2*s + 34 = 0. Suppose 237 + 246 = -c*p. List the prime factors of (-12)/10*1610/p.
2, 7
Suppose 8*x = 1675 + 957. Let y = x + -159. List the prime factors of y.
2, 5, 17
Suppose -5*i = v - 0*i - 702, -4*i = -20. List the prime factors of v.
677
Suppose -15*y - 2087 = -9422. List the prime factors of y.
3, 163
Suppose -l - 4*x - 3 = 2, 3*l - x = -2. List the prime factors of (l - 15)*(-6)/(48/34).
2, 17
Let i(g) = 4 - 18*g + 15 - 8 + 9. List the prime factors of i(-6).
2
Suppose -3*z = q - 4*z - 14, z - 30 = -3*q. Let n = -41 + 32. Let t = n + q. List the prime factors of t.
2
Let t(o) = -o**2 - o - 1. Let p(h) = -3*h**3 - 4*h**2 - 5*h - 3. Let b(s) = -p(s) + 4*t(s). Let u be b(1). Suppose -u = -k + 18. List the prime factors of k.
3, 7
Let r = -4799 - -7941. List the prime factors of r.
2, 1571
Let p(l) = -2*l**2 - 5*l + 3. Let i be p(-4). List the prime factors of i*1/(-3) - -34.
37
What are the prime factors of (-2 - (-6 + 4)) + 408?
2, 3, 17
Suppose 0 = y + 2 - 0. Let r = -6 - y. Let b = 11 - r. What are the prime factors of b?
3, 5
Let k = 473 + 1040. List the prime factors of k.
17, 89
Suppose -2*n - 1775 = -7*n. Suppose 0 = -9*a + n + 509. List the prime factors of a.
2, 3
Let k(g) = g**2 - g + 14. Let z be k(0). Suppose 0 = -p + 3*p - 10. Let f = z - p. What are the prime factors of f?
3
Suppose -171 = -5*s + 3*l, -5*l - 29 - 14 = -s. List the prime factors of s.
3, 11
What are the prime factors of (-9)/27*21 + 1513?
2, 3, 251
Let i = 579 - -75. List the prime factors of i.
2, 3, 109
Suppose -16*h = -0*h - 1856. Let n = 127 - h. List the prime factors of n.
11
Suppose 11*x - 14*x + 27 = 0. Suppose x*b - 668 = 5*b. What are the prime factors of b?
167
Let b = 3183 + -2107. What are the prime factors of b?
2, 269
Let g be 52/(-6) + ((-22)/(-6) - 3). What are the prime factors of -5 + (-46)/g + 89/4?
23
Suppose 5 - 21 = -i - 4*c, 5 = 5*i + 5*c. What are the prime factors of ((-96)/(-36))/(i/(-318))?
2, 53
Suppose -d - 6*d + 1169 = 0. Let o = d - 108. List the prime factors of o.
59
Let i = 0 - -5. Suppose -2*g - 10 = i*z, -17 = -5*g - 5*z + 3*z. Suppose -5*q - 13 = 12, -g = 2*k + 3*q. List the prime factors of k.
5
Let k(l) = 96*l - 20. Let q be k(8). Let f = q + -530. What are the prime factors of f?
2, 109
Suppose 3*r - 5*h - 7037 = 0, -10*r + 11707 = -5*r - 3*h. What are the prime factors of r?
2339
Suppose -5*o + 2825 + 1470 = 2*g, 0 = 4*o - 2*g - 3418. What are the prime factors of o?
857
Let g(m) = m**2 + 11*m + 15. Let n be g(-8). Let b = n + 36. What are the prime factors of b?
3
Suppose -6*j = 214 - 1354. What are the prime factors of j?
2, 5, 19
Suppose -m = 3*i + 99, -5*i - 167 - 318 = 5*m. List the prime factors of (150/8)/((-36)/m).
2, 5
Let n = 293 + -29. What are the prime factors of n?
2, 3, 11
Let q(a) = 2*a**2 + 32*a + 60. List the prime factors of q(-31).
2, 3, 5, 11
Let r(n) = -n - 5. Let o be r(-5). Suppose o = -9*a + 4*a +